{"id":1478,"date":"2025-10-29T13:45:49","date_gmt":"2025-10-29T13:45:49","guid":{"rendered":"https:\/\/sites.generatepress.com\/lifestyle\/?page_id=2"},"modified":"2026-03-05T12:12:21","modified_gmt":"2026-03-05T12:12:21","slug":"home","status":"publish","type":"page","link":"https:\/\/laviedebebe.com\/blog\/","title":{"rendered":"Home"},"content":{"rendered":"\n<div><div class=\"gb-looper-cbfb1bec\">\n<div class=\"gb-loop-item gb-loop-item-d84a9446 post-1857 post type-post status-publish format-standard hentry category-baby-en\">\n\n\n<div id=\"ez-toc-container\" class=\"ez-toc-v2_0_82_2 counter-hierarchy ez-toc-counter ez-toc-grey ez-toc-container-direction\">\n<div class=\"ez-toc-title-container\">\n<p class=\"ez-toc-title\" style=\"cursor:inherit\">Sommaire<\/p>\n<span class=\"ez-toc-title-toggle\"><a href=\"#\" class=\"ez-toc-pull-right ez-toc-btn ez-toc-btn-xs ez-toc-btn-default ez-toc-toggle\" aria-label=\"Toggle Table of Content\"><span class=\"ez-toc-js-icon-con\"><span class=\"\"><span class=\"eztoc-hide\" style=\"display:none;\">Toggle<\/span><span class=\"ez-toc-icon-toggle-span\"><svg style=\"fill: #999;color:#999\" xmlns=\"http:\/\/www.w3.org\/2000\/svg\" class=\"list-377408\" width=\"20px\" height=\"20px\" viewBox=\"0 0 24 24\" fill=\"none\"><path d=\"M6 6H4v2h2V6zm14 0H8v2h12V6zM4 11h2v2H4v-2zm16 0H8v2h12v-2zM4 16h2v2H4v-2zm16 0H8v2h12v-2z\" fill=\"currentColor\"><\/path><\/svg><svg style=\"fill: #999;color:#999\" class=\"arrow-unsorted-368013\" xmlns=\"http:\/\/www.w3.org\/2000\/svg\" width=\"10px\" height=\"10px\" viewBox=\"0 0 24 24\" version=\"1.2\" baseProfile=\"tiny\"><path d=\"M18.2 9.3l-6.2-6.3-6.2 6.3c-.2.2-.3.4-.3.7s.1.5.3.7c.2.2.4.3.7.3h11c.3 0 .5-.1.7-.3.2-.2.3-.5.3-.7s-.1-.5-.3-.7zM5.8 14.7l6.2 6.3 6.2-6.3c.2-.2.3-.5.3-.7s-.1-.5-.3-.7c-.2-.2-.4-.3-.7-.3h-11c-.3 0-.5.1-.7.3-.2.2-.3.5-.3.7s.1.5.3.7z\"\/><\/svg><\/span><\/span><\/span><\/a><\/span><\/div>\n<nav><ul class='ez-toc-list ez-toc-list-level-1 eztoc-toggle-hide-by-default' ><li class='ez-toc-page-1 ez-toc-heading-level-2'><a class=\"ez-toc-link ez-toc-heading-1\" href=\"https:\/\/laviedebebe.com\/blog\/#Night_terrors_in_babies_and_children_understanding_and_managing_this_sleep_disorder\" >Night terrors in babies and children: understanding and managing this sleep disorder<\/a><\/li><li class='ez-toc-page-1 ez-toc-heading-level-2'><a class=\"ez-toc-link ez-toc-heading-2\" href=\"https:\/\/laviedebebe.com\/blog\/#Terreurs_nocturnes_chez_bebe_et_enfant_comprendre_et_gerer_ce_trouble_du_sommeil\" >Terreurs nocturnes chez b\u00e9b\u00e9 et enfant : comprendre et g\u00e9rer ce trouble du sommeil<\/a><\/li><li class='ez-toc-page-1 ez-toc-heading-level-2'><a class=\"ez-toc-link ez-toc-heading-3\" href=\"https:\/\/laviedebebe.com\/blog\/#Sienna_Miller_celebrates_the_birth_of_her_second_child_a_new_adventure_begins_for_the_young_mother\" >Sienna Miller celebrates the birth of her second child: a new adventure begins for the young mother<\/a><\/li><li class='ez-toc-page-1 ez-toc-heading-level-2'><a class=\"ez-toc-link ez-toc-heading-4\" href=\"https:\/\/laviedebebe.com\/blog\/#Sienna_Miller_celebre_la_naissance_de_son_deuxieme_enfant_une_nouvelle_aventure_commence_pour_la_jeune_maman\" >Sienna Miller c\u00e9l\u00e8bre la naissance de son deuxi\u00e8me enfant : une nouvelle aventure commence pour la jeune maman<\/a><\/li><li class='ez-toc-page-1 ez-toc-heading-level-2'><a class=\"ez-toc-link ez-toc-heading-5\" href=\"https:\/\/laviedebebe.com\/blog\/#Cough_in_children_how_to_distinguish_between_wet_cough_and_dry_cough_and_treat_them_effectively\" >Cough in children: how to distinguish between wet cough and dry cough and treat them effectively<\/a><\/li><li class='ez-toc-page-1 ez-toc-heading-level-2'><a class=\"ez-toc-link ez-toc-heading-6\" href=\"https:\/\/laviedebebe.com\/blog\/#Toux_chez_lenfant_comment_distinguer_la_toux_grasse_de_la_toux_seche_et_les_traiter_efficacement\" >Toux chez l&rsquo;enfant : comment distinguer la toux grasse de la toux s\u00e8che et les traiter efficacement<\/a><\/li><li class='ez-toc-page-1 ez-toc-heading-level-2'><a class=\"ez-toc-link ez-toc-heading-7\" href=\"https:\/\/laviedebebe.com\/blog\/#Cervelas_and_pregnancy_is_it_safe_to_consume_during_this_period\" >Cervelas and pregnancy: is it safe to consume during this period?<\/a><\/li><li class='ez-toc-page-1 ez-toc-heading-level-2'><a class=\"ez-toc-link ez-toc-heading-8\" href=\"https:\/\/laviedebebe.com\/blog\/#Cervelas_et_grossesse_est-il_sur_den_consommer_pendant_cette_periode\" >Cervelas et grossesse : est-il s\u00fbr d&rsquo;en consommer pendant cette p\u00e9riode ?<\/a><\/li><li class='ez-toc-page-1 ez-toc-heading-level-2'><a class=\"ez-toc-link ez-toc-heading-9\" href=\"https:\/\/laviedebebe.com\/blog\/#Discovering_the_unique_name_Pimprenelle_origins_and_meanings\" >Discovering the unique name Pimprenelle: origins and meanings<\/a><\/li><li class='ez-toc-page-1 ez-toc-heading-level-2'><a class=\"ez-toc-link ez-toc-heading-10\" href=\"https:\/\/laviedebebe.com\/blog\/#A_la_decouverte_du_prenom_unique_Pimprenelle_origines_et_significations\" >\u00c0 la d\u00e9couverte du pr\u00e9nom unique Pimprenelle : origines et significations<\/a><\/li><li class='ez-toc-page-1 ez-toc-heading-level-2'><a class=\"ez-toc-link ez-toc-heading-11\" href=\"https:\/\/laviedebebe.com\/blog\/#Labio-palatine_cleft_how_to_best_support_your_baby_from_the_very_first_days\" >Labio-palatine cleft: how to best support your baby from the very first days?<\/a><\/li><li class='ez-toc-page-1 ez-toc-heading-level-2'><a class=\"ez-toc-link ez-toc-heading-12\" href=\"https:\/\/laviedebebe.com\/blog\/#Fente_labio-palatine_comment_accompagner_au_mieux_votre_bebe_des_les_premiers_jours\" >Fente labio-palatine : comment accompagner au mieux votre b\u00e9b\u00e9 d\u00e8s les premiers jours ?<\/a><\/li><\/ul><\/nav><\/div>\n<h2 class=\"gb-text gb-text-262baad1\"><span class=\"ez-toc-section\" id=\"Night_terrors_in_babies_and_children_understanding_and_managing_this_sleep_disorder\"><\/span><a href=\"https:\/\/laviedebebe.com\/blog\/en\/night-terrors-in-babies-and-children-understanding-and-managing-this-sleep-disorder\/\">Night terrors in babies and children: understanding and managing this sleep disorder<\/a><span class=\"ez-toc-section-end\"><\/span><\/h2>\n\n\n\n<p class=\"gb-text gb-text-6cd98a2a\">1 mai 2026<\/p>\n\n\n\n<p class=\"gb-text\">In brief: Night terrors: recognizing signs in baby and child Night terrors are part of parasomnias and are clearly distinct from nightmares. Their main characteristic is occurrence during deep sleep, generally one to two hours after falling asleep. During the episode, the child may scream, tremble, sit up or get out of bed, and speak<\/p>\n<\/div>\n\n<div class=\"gb-loop-item gb-loop-item-d84a9446 post-1856 post type-post status-publish format-standard hentry category-bebe\">\n\n\n<h2 class=\"gb-text gb-text-262baad1\"><span class=\"ez-toc-section\" id=\"Terreurs_nocturnes_chez_bebe_et_enfant_comprendre_et_gerer_ce_trouble_du_sommeil\"><\/span><a href=\"https:\/\/laviedebebe.com\/blog\/terreurs-nocturnes-bebe-enfant\/\">Terreurs nocturnes chez b\u00e9b\u00e9 et enfant : comprendre et g\u00e9rer ce trouble du sommeil<\/a><span class=\"ez-toc-section-end\"><\/span><\/h2>\n\n\n\n<p class=\"gb-text gb-text-6cd98a2a\">1 mai 2026<\/p>\n\n\n\n<p class=\"gb-text\">En bref : Terreurs nocturnes : reconna\u00eetre les signes chez b\u00e9b\u00e9 et enfant Les terreurs nocturnes font partie des parasomnies et se distinguent nettement des cauchemars. Leur caract\u00e9ristique principale est l\u2019apparition en sommeil profond, g\u00e9n\u00e9ralement une \u00e0 deux heures apr\u00e8s l\u2019endormissement. Pendant l\u2019\u00e9pisode, l\u2019enfant peut hurler, trembler, s\u2019asseoir ou se lever dans son lit, et<\/p>\n<\/div>\n\n<div class=\"gb-loop-item gb-loop-item-d84a9446 post-1854 post type-post status-publish format-standard hentry category-parent-en\">\n\n\n<h2 class=\"gb-text gb-text-262baad1\"><span class=\"ez-toc-section\" id=\"Sienna_Miller_celebrates_the_birth_of_her_second_child_a_new_adventure_begins_for_the_young_mother\"><\/span><a href=\"https:\/\/laviedebebe.com\/blog\/en\/sienna-miller-celebrates-the-birth-of-her-second-child-a-new-adventure-begins-for-the-young-mother\/\">Sienna Miller celebrates the birth of her second child: a new adventure begins for the young mother<\/a><span class=\"ez-toc-section-end\"><\/span><\/h2>\n\n\n\n<p class=\"gb-text gb-text-6cd98a2a\">30 avril 2026<\/p>\n\n\n\n<p class=\"gb-text\">In brief: Sienna Miller has just given birth to her second daughter: facts, context and media impact The news of the birth of Sienna Miller\u2019s second daughter was confirmed after the publication of photos taken during a walk in the streets of London. These images, released on January 3 by the press, show the actress<\/p>\n<\/div>\n\n<div class=\"gb-loop-item gb-loop-item-d84a9446 post-1853 post type-post status-publish format-standard hentry category-parent\">\n\n\n<h2 class=\"gb-text gb-text-262baad1\"><span class=\"ez-toc-section\" id=\"Sienna_Miller_celebre_la_naissance_de_son_deuxieme_enfant_une_nouvelle_aventure_commence_pour_la_jeune_maman\"><\/span><a href=\"https:\/\/laviedebebe.com\/blog\/sienna-miller-deuxieme-enfant\/\">Sienna Miller c\u00e9l\u00e8bre la naissance de son deuxi\u00e8me enfant : une nouvelle aventure commence pour la jeune maman<\/a><span class=\"ez-toc-section-end\"><\/span><\/h2>\n\n\n\n<p class=\"gb-text gb-text-6cd98a2a\">30 avril 2026<\/p>\n\n\n\n<p class=\"gb-text\">En bref : Sienna Miller vient de donner naissance \u00e0 sa seconde fille : faits, contexte et retentissement m\u00e9diatique La nouvelle de la naissance de la seconde fille de Sienna Miller a \u00e9t\u00e9 confirm\u00e9e apr\u00e8s la publication de clich\u00e9s pris lors d\u2019une promenade dans les rues de Londres. Ces images, diffus\u00e9es le 3 janvier par<\/p>\n<\/div>\n\n<div class=\"gb-loop-item gb-loop-item-d84a9446 post-1851 post type-post status-publish format-standard hentry category-child-en\">\n\n\n<h2 class=\"gb-text gb-text-262baad1\"><span class=\"ez-toc-section\" id=\"Cough_in_children_how_to_distinguish_between_wet_cough_and_dry_cough_and_treat_them_effectively\"><\/span><a href=\"https:\/\/laviedebebe.com\/blog\/en\/cough-in-children-how-to-distinguish-between-wet-cough-and-dry-cough-and-treat-them-effectively\/\">Cough in children: how to distinguish between wet cough and dry cough and treat them effectively<\/a><span class=\"ez-toc-section-end\"><\/span><\/h2>\n\n\n\n<p class=\"gb-text gb-text-6cd98a2a\">29 avril 2026<\/p>\n\n\n\n<p class=\"gb-text\">In brief: Recognizing dry cough in children: clinical signs, concrete examples, and diagnosis The first step to support a coughing child is to observe the nature of the cough. A dry cough is not accompanied by visible expectoration and is perceived as a dry cough, sometimes bothersome and painful. For example, an infant who wakes<\/p>\n<\/div>\n\n<div class=\"gb-loop-item gb-loop-item-d84a9446 post-1850 post type-post status-publish format-standard hentry category-enfant\">\n\n\n<h2 class=\"gb-text gb-text-262baad1\"><span class=\"ez-toc-section\" id=\"Toux_chez_lenfant_comment_distinguer_la_toux_grasse_de_la_toux_seche_et_les_traiter_efficacement\"><\/span><a href=\"https:\/\/laviedebebe.com\/blog\/toux-grasse-toux-seche\/\">Toux chez l&rsquo;enfant : comment distinguer la toux grasse de la toux s\u00e8che et les traiter efficacement<\/a><span class=\"ez-toc-section-end\"><\/span><\/h2>\n\n\n\n<p class=\"gb-text gb-text-6cd98a2a\">29 avril 2026<\/p>\n\n\n\n<p class=\"gb-text\">En bref : Reconna\u00eetre la toux s\u00e8che chez l&rsquo;enfant : signes cliniques, exemples concrets et diagnostic La premi\u00e8re \u00e9tape pour accompagner un enfant qui tousse consiste \u00e0 observer la nature de la toux. Une toux s\u00e8che n\u2019accompagne pas d\u2019expectoration visible et se per\u00e7oit comme une toux s\u00e8che, parfois g\u00eanante et douloureuse. Par exemple, un nourrisson<\/p>\n<\/div>\n\n<div class=\"gb-loop-item gb-loop-item-d84a9446 post-1848 post type-post status-publish format-standard hentry category-pregnancy-en\">\n\n\n<h2 class=\"gb-text gb-text-262baad1\"><span class=\"ez-toc-section\" id=\"Cervelas_and_pregnancy_is_it_safe_to_consume_during_this_period\"><\/span><a href=\"https:\/\/laviedebebe.com\/blog\/en\/cervelas-and-pregnancy-is-it-safe-to-consume-during-this-period\/\">Cervelas and pregnancy: is it safe to consume during this period?<\/a><span class=\"ez-toc-section-end\"><\/span><\/h2>\n\n\n\n<p class=\"gb-text gb-text-6cd98a2a\">28 avril 2026<\/p>\n\n\n\n<p class=\"gb-text\">In brief: Can you eat cervelas while pregnant? Food safety rules to know Cervelas is often presented as a cooked charcuterie: this means it was prepared and heated before packaging. This information is central for the expectant mother who seeks to limit microbiological risks during pregnancy. However, practical reality requires looking beyond this label. Food<\/p>\n<\/div>\n\n<div class=\"gb-loop-item gb-loop-item-d84a9446 post-1847 post type-post status-publish format-standard hentry category-grossesse\">\n\n\n<h2 class=\"gb-text gb-text-262baad1\"><span class=\"ez-toc-section\" id=\"Cervelas_et_grossesse_est-il_sur_den_consommer_pendant_cette_periode\"><\/span><a href=\"https:\/\/laviedebebe.com\/blog\/cervelas-grossesse-securite\/\">Cervelas et grossesse : est-il s\u00fbr d&rsquo;en consommer pendant cette p\u00e9riode ?<\/a><span class=\"ez-toc-section-end\"><\/span><\/h2>\n\n\n\n<p class=\"gb-text gb-text-6cd98a2a\">28 avril 2026<\/p>\n\n\n\n<p class=\"gb-text\">En bref : Peut-on manger du cervelas en \u00e9tant enceinte ? R\u00e8gles de s\u00e9curit\u00e9 alimentaire \u00e0 conna\u00eetre Le cervelas est souvent pr\u00e9sent\u00e9 comme une charcuterie cuite : cela signifie qu\u2019il a \u00e9t\u00e9 pr\u00e9par\u00e9 et chauff\u00e9 avant emballage. Cette information est centrale pour la future maman qui cherche \u00e0 limiter les risques microbiologiques pendant la grossesse.<\/p>\n<\/div>\n\n<div class=\"gb-loop-item gb-loop-item-d84a9446 post-1845 post type-post status-publish format-standard hentry category-baby-en\">\n\n\n<h2 class=\"gb-text gb-text-262baad1\"><span class=\"ez-toc-section\" id=\"Discovering_the_unique_name_Pimprenelle_origins_and_meanings\"><\/span><a href=\"https:\/\/laviedebebe.com\/blog\/en\/discovering-the-unique-name-pimprenelle-origins-and-meanings\/\">Discovering the unique name Pimprenelle: origins and meanings<\/a><span class=\"ez-toc-section-end\"><\/span><\/h2>\n\n\n\n<p class=\"gb-text gb-text-6cd98a2a\">27 avril 2026<\/p>\n\n\n\n<p class=\"gb-text\">In brief: Pimprenelle: origin of the first name and etymology of Pimprenelle Pimprenelle belongs to a family of first names that draw their strength from nature and tradition. Its first name origin is primarily French, associated with the plant called pimprenelle \u2014 a perennial herb once used in cooking and folk medicine. In first name<\/p>\n<\/div>\n\n<div class=\"gb-loop-item gb-loop-item-d84a9446 post-1844 post type-post status-publish format-standard hentry category-bebe\">\n\n\n<h2 class=\"gb-text gb-text-262baad1\"><span class=\"ez-toc-section\" id=\"A_la_decouverte_du_prenom_unique_Pimprenelle_origines_et_significations\"><\/span><a href=\"https:\/\/laviedebebe.com\/blog\/prenom-pimprenelle-origines\/\">\u00c0 la d\u00e9couverte du pr\u00e9nom unique Pimprenelle : origines et significations<\/a><span class=\"ez-toc-section-end\"><\/span><\/h2>\n\n\n\n<p class=\"gb-text gb-text-6cd98a2a\">27 avril 2026<\/p>\n\n\n\n<p class=\"gb-text\">En bref : Pimprenelle : origine du pr\u00e9nom et \u00e9tymologie Pimprenelle Pimprenelle appartient \u00e0 une famille de pr\u00e9noms qui puisent leur force dans la nature et la tradition. Son origine pr\u00e9nom est principalement fran\u00e7aise, associ\u00e9e \u00e0 la plante appel\u00e9e pimprenelle \u2014 une herbe vivace, utilis\u00e9e autrefois en cuisine et en m\u00e9decine populaire. Dans l\u2019histoire pr\u00e9nom,<\/p>\n<\/div>\n\n<div class=\"gb-loop-item gb-loop-item-d84a9446 post-1842 post type-post status-publish format-standard hentry category-baby-en\">\n\n\n<h2 class=\"gb-text gb-text-262baad1\"><span class=\"ez-toc-section\" id=\"Labio-palatine_cleft_how_to_best_support_your_baby_from_the_very_first_days\"><\/span><a href=\"https:\/\/laviedebebe.com\/blog\/en\/labio-palatine-cleft-how-to-best-support-your-baby-from-the-very-first-days\/\">Labio-palatine cleft: how to best support your baby from the very first days?<\/a><span class=\"ez-toc-section-end\"><\/span><\/h2>\n\n\n\n<p class=\"gb-text gb-text-6cd98a2a\">26 avril 2026<\/p>\n\n\n\n<p class=\"gb-text\">In brief: Cleft lip and palate: detection during pregnancy and announcement to parents Detecting a Cleft lip and palate during pregnancy changes preparation for the arrival of baby. The morphological ultrasound in the second trimester can reveal an abnormality, but it is not uncommon for the malformation to go unnoticed until birth. When the diagnosis<\/p>\n<\/div>\n\n<div class=\"gb-loop-item gb-loop-item-d84a9446 post-1841 post type-post status-publish format-standard hentry category-bebe\">\n\n\n<h2 class=\"gb-text gb-text-262baad1\"><span class=\"ez-toc-section\" id=\"Fente_labio-palatine_comment_accompagner_au_mieux_votre_bebe_des_les_premiers_jours\"><\/span><a href=\"https:\/\/laviedebebe.com\/blog\/fente-labio-palatine-bebe\/\">Fente labio-palatine : comment accompagner au mieux votre b\u00e9b\u00e9 d\u00e8s les premiers jours ?<\/a><span class=\"ez-toc-section-end\"><\/span><\/h2>\n\n\n\n<p class=\"gb-text gb-text-6cd98a2a\">26 avril 2026<\/p>\n\n\n\n<p class=\"gb-text\">En bref : Fente labio-palatine : d\u00e9tection pendant la grossesse et annonce aux parents Rep\u00e9rer une Fente labio-palatine pendant la grossesse change la pr\u00e9paration \u00e0 l\u2019arriv\u00e9e de b\u00e9b\u00e9. L\u2019\u00e9chographie morphologique du deuxi\u00e8me trimestre peut r\u00e9v\u00e9ler une anomalie, mais il n\u2019est pas rare que la malformation passe inaper\u00e7ue jusqu\u2019\u00e0 la naissance. Lorsque le diagnostic est pos\u00e9<\/p>\n<\/div>\n<\/div>\n\n\n<div class=\"gb-element-fe2b4f13 gb-query-loop-pagination\">\n\n<nav class=\"gb-query-page-numbers-28205276\"><span aria-current=\"page\" class=\"page-numbers current\">1<\/span>\n<a class=\"page-numbers\" href=\"?query-4ca2bac7-page=2\">2<\/a>\n<a class=\"page-numbers\" href=\"?query-4ca2bac7-page=3\">3<\/a>\n<a class=\"page-numbers\" href=\"?query-4ca2bac7-page=4\">4<\/a>\n<span class=\"page-numbers dots\">\u2026<\/span>\n<a class=\"page-numbers\" href=\"?query-4ca2bac7-page=9\">9<\/a><\/nav>\n\n\n<a class=\"gb-text gb-text-306e3a15\" href=\"\/blog\/wp-json\/wp\/v2\/pages\/1478?query-4ca2bac7-page=2\">Suivant<\/a>\n<\/div>\n<\/div>\n","protected":false},"excerpt":{"rendered":"","protected":false},"author":1,"featured_media":0,"parent":0,"menu_order":0,"comment_status":"closed","ping_status":"closed","template":"","meta":{"footnotes":""},"class_list":["post-1478","page","type-page","status-publish"],"_links":{"self":[{"href":"https:\/\/laviedebebe.com\/blog\/wp-json\/wp\/v2\/pages\/1478","targetHints":{"allow":["GET"]}}],"collection":[{"href":"https:\/\/laviedebebe.com\/blog\/wp-json\/wp\/v2\/pages"}],"about":[{"href":"https:\/\/laviedebebe.com\/blog\/wp-json\/wp\/v2\/types\/page"}],"author":[{"embeddable":true,"href":"https:\/\/laviedebebe.com\/blog\/wp-json\/wp\/v2\/users\/1"}],"replies":[{"embeddable":true,"href":"https:\/\/laviedebebe.com\/blog\/wp-json\/wp\/v2\/comments?post=1478"}],"version-history":[{"count":2,"href":"https:\/\/laviedebebe.com\/blog\/wp-json\/wp\/v2\/pages\/1478\/revisions"}],"predecessor-version":[{"id":1577,"href":"https:\/\/laviedebebe.com\/blog\/wp-json\/wp\/v2\/pages\/1478\/revisions\/1577"}],"wp:attachment":[{"href":"https:\/\/laviedebebe.com\/blog\/wp-json\/wp\/v2\/media?parent=1478"}],"curies":[{"name":"wp","href":"https:\/\/api.w.org\/{rel}","templated":true}]}}